{"id":178,"date":"2025-02-21T22:24:22","date_gmt":"2025-02-21T21:24:22","guid":{"rendered":"https:\/\/calindica.fr\/?page_id=178"},"modified":"2026-04-13T10:48:52","modified_gmt":"2026-04-13T08:48:52","slug":"le-spectacle","status":"publish","type":"page","link":"https:\/\/calindica.fr\/index.php\/le-spectacle\/","title":{"rendered":"Le spectacle"},"content":{"rendered":"<nav class=\"is-responsive items-justified-space-between wp-block-navigation is-content-justification-space-between is-layout-flex wp-container-core-navigation-is-layout-b2891da8 wp-block-navigation-is-layout-flex\" aria-label=\"Navigation\" \n\t\t data-wp-interactive=\"core\/navigation\" data-wp-context='{\"overlayOpenedBy\":{\"click\":false,\"hover\":false,\"focus\":false},\"type\":\"overlay\",\"roleAttribute\":\"\",\"ariaLabel\":\"Menu\"}'><button aria-haspopup=\"dialog\" aria-label=\"Ouvrir le menu\" class=\"wp-block-navigation__responsive-container-open\" \n\t\t\t\tdata-wp-on--click=\"actions.openMenuOnClick\"\n\t\t\t\tdata-wp-on--keydown=\"actions.handleMenuKeydown\"\n\t\t\t><svg width=\"24\" height=\"24\" xmlns=\"http:\/\/www.w3.org\/2000\/svg\" viewBox=\"0 0 24 24\" aria-hidden=\"true\" focusable=\"false\"><path d=\"M4 7.5h16v1.5H4z\"><\/path><path d=\"M4 15h16v1.5H4z\"><\/path><\/svg><\/button>\n\t\t\t\t<div class=\"wp-block-navigation__responsive-container\"  id=\"modal-1\" \n\t\t\t\tdata-wp-class--has-modal-open=\"state.isMenuOpen\"\n\t\t\t\tdata-wp-class--is-menu-open=\"state.isMenuOpen\"\n\t\t\t\tdata-wp-watch=\"callbacks.initMenu\"\n\t\t\t\tdata-wp-on--keydown=\"actions.handleMenuKeydown\"\n\t\t\t\tdata-wp-on--focusout=\"actions.handleMenuFocusout\"\n\t\t\t\ttabindex=\"-1\"\n\t\t\t>\n\t\t\t\t\t<div class=\"wp-block-navigation__responsive-close\" tabindex=\"-1\">\n\t\t\t\t\t\t<div class=\"wp-block-navigation__responsive-dialog\" \n\t\t\t\tdata-wp-bind--aria-modal=\"state.ariaModal\"\n\t\t\t\tdata-wp-bind--aria-label=\"state.ariaLabel\"\n\t\t\t\tdata-wp-bind--role=\"state.roleAttribute\"\n\t\t\t>\n\t\t\t\t\t\t\t<button aria-label=\"Fermer le menu\" class=\"wp-block-navigation__responsive-container-close\" \n\t\t\t\tdata-wp-on--click=\"actions.closeMenuOnClick\"\n\t\t\t><svg xmlns=\"http:\/\/www.w3.org\/2000\/svg\" viewBox=\"0 0 24 24\" width=\"24\" height=\"24\" aria-hidden=\"true\" focusable=\"false\"><path d=\"m13.06 12 6.47-6.47-1.06-1.06L12 10.94 5.53 4.47 4.47 5.53 10.94 12l-6.47 6.47 1.06 1.06L12 13.06l6.47 6.47 1.06-1.06L13.06 12Z\"><\/path><\/svg><\/button>\n\t\t\t\t\t\t\t<div class=\"wp-block-navigation__responsive-container-content\" \n\t\t\t\tdata-wp-watch=\"callbacks.focusFirstElement\"\n\t\t\t id=\"modal-1-content\">\n\t\t\t\t\t\t\t\t<ul class=\"wp-block-navigation__container is-responsive items-justified-space-between wp-block-navigation\"><li style=\"font-style:normal;font-weight:400;text-decoration:underline;\" class=\" wp-block-navigation-item wp-block-navigation-link has-large-font-size\"><a class=\"wp-block-navigation-item__content\"  href=\"https:\/\/calindica.fr\/\"><span class=\"wp-block-navigation-item__label\">Accueil<\/span><\/a><\/li><li style=\"font-style:normal;font-weight:400;text-decoration:underline;\" class=\" wp-block-navigation-item wp-block-navigation-link has-large-font-size\"><a class=\"wp-block-navigation-item__content\"  href=\"https:\/\/calindica.fr\/index.php\/audio\/\"><span class=\"wp-block-navigation-item__label\">Audio<\/span><\/a><\/li><li style=\"font-style:normal;font-weight:400;text-decoration:underline;\" class=\" wp-block-navigation-item wp-block-navigation-link has-large-font-size\"><a class=\"wp-block-navigation-item__content\"  href=\"https:\/\/calindica.fr\/index.php\/video\/\"><span class=\"wp-block-navigation-item__label\">Vid\u00e9o<\/span><\/a><\/li><li style=\"font-style:normal;font-weight:400;text-decoration:underline;\" class=\" wp-block-navigation-item wp-block-navigation-link has-large-font-size\"><a class=\"wp-block-navigation-item__content\"  href=\"https:\/\/calindica.fr\/index.php\/le-spectacle\/\"><span class=\"wp-block-navigation-item__label\">Le spectacle<\/span><\/a><\/li><li style=\"font-style:normal;font-weight:400;text-decoration:underline;\" class=\" wp-block-navigation-item wp-block-navigation-link has-large-font-size\"><a class=\"wp-block-navigation-item__content\"  href=\"https:\/\/calindica.fr\/index.php\/contact\/\"><span class=\"wp-block-navigation-item__label\">Contact<\/span><\/a><\/li><\/ul>\n\t\t\t\t\t\t\t<\/div>\n\t\t\t\t\t\t<\/div>\n\t\t\t\t\t<\/div>\n\t\t\t\t<\/div><\/nav>\n\n\n<p class=\"has-white-color has-text-color has-background has-link-color wp-elements-3d4fa134d11606175761e58e8266ac7f\" style=\"background-color:#00000080;font-size:1.25rem;font-style:normal;font-weight:500\"><strong>\u00c9v\u00e8nements \u00e0 venir<\/strong><\/p>\n\n\n\n<p><strong>19 juin 2026 : <\/strong>bistrot associatif, Gibel (31)<\/p>\n\n\n\n<p><strong>20 juin 2026 :<\/strong> F\u00eate de la Musique, Nailloux (31)<\/p>\n\n\n\n<p><strong>30 juillet 2026 :<\/strong> Le Pot Commun, Nevers (58)<\/p>\n\n\n\n<p><strong>1er ao\u00fbt 2026 :<\/strong> Comme chez Mamie, Prompsat (63)<\/p>\n\n\n\n<p class=\"has-white-color has-text-color has-background has-link-color wp-elements-9fb0bb63075aaefada73bd077819ffb1\" style=\"background-color:#00000080;font-size:1.25rem;font-style:normal;font-weight:500\"><strong>\u00c9v\u00e8nements <\/strong>en cours<\/p>\n\n\n\n<p><strong>Depuis le 28 d\u00e9cembre 2025 :<\/strong> Diffusion des clips de \u00ab\u00a0Pour te plaire\u00a0\u00bb et \u00ab\u00a0Comment vivre heureux dans ce foutu monde tout d\u00e9glingu\u00e9\u00a0\u00bb sur The Indie Beat Television : <a href=\"https:\/\/tv.theindiebeat.fm\/\">https:\/\/tv.theindiebeat.fm\/<\/a><\/p>\n\n\n\n<p class=\"has-white-color has-text-color has-background has-link-color wp-elements-75bca985858f2ec22f8b4d8ecd2952dc\" style=\"background-color:#00000080;font-size:1.25rem;font-style:normal;font-weight:500\"><strong>\u00c9v\u00e8nements pass\u00e9s<\/strong><\/p>\n\n\n\n<p><strong>29 juillet 2025<\/strong> : <em>Radio Free Fedi Fest 2025<\/em>, \u00e9v\u00e8nement online<br><strong>13 f\u00e9vrier 2025<\/strong> : <em>Les Nuits de la Pleine Lune<\/em>, La Cave Po\u00e9sie, Toulouse (31)<br><strong>31 mai 2024<\/strong> : <em>Sc\u00e8ne ouverte<\/em>, La Minoterie, Gardouch (31)<\/p>\n\n\n\n<p class=\"has-white-color has-text-color has-background has-link-color wp-elements-9eba1854875d999af05c82269c3c2c58\" style=\"background-color:#00000080;font-size:1.25rem;font-style:normal;font-weight:500\"><strong>Ils ont aim\u00e9 !<\/strong><\/p>\n\n\n\n<figure class=\"wp-block-image size-full\"><img loading=\"lazy\" decoding=\"async\" width=\"612\" height=\"242\" src=\"https:\/\/calindica.fr\/wp-content\/uploads\/2025\/08\/Capture-decran_2025-08-09_15-13-53.png\" alt=\"That was an incredible performance by @akash for #RFFF25 ! Just wow !!!\" class=\"wp-image-286\" srcset=\"https:\/\/calindica.fr\/wp-content\/uploads\/2025\/08\/Capture-decran_2025-08-09_15-13-53.png 612w, https:\/\/calindica.fr\/wp-content\/uploads\/2025\/08\/Capture-decran_2025-08-09_15-13-53-300x119.png 300w\" sizes=\"auto, (max-width: 612px) 100vw, 612px\" \/><\/figure>\n\n\n\n<figure class=\"wp-block-image size-full\"><img loading=\"lazy\" decoding=\"async\" width=\"610\" height=\"222\" src=\"https:\/\/calindica.fr\/wp-content\/uploads\/2025\/08\/Capture-decran_2025-08-09_15-13-37.png\" alt=\"Great #rfff25 online gig by @akash Feel like they managed to play about 100 songs in an hour!\" class=\"wp-image-288\" srcset=\"https:\/\/calindica.fr\/wp-content\/uploads\/2025\/08\/Capture-decran_2025-08-09_15-13-37.png 610w, https:\/\/calindica.fr\/wp-content\/uploads\/2025\/08\/Capture-decran_2025-08-09_15-13-37-300x109.png 300w\" sizes=\"auto, (max-width: 610px) 100vw, 610px\" \/><\/figure>\n\n\n\n<figure class=\"wp-block-image size-full\"><img loading=\"lazy\" decoding=\"async\" width=\"610\" height=\"288\" src=\"https:\/\/calindica.fr\/wp-content\/uploads\/2025\/08\/Capture-decran_2025-08-09_15-13-21.png\" alt=\"Thanks @akash for a wonderful set of songs! Truly inspiring songwriting. Very impressed with your guitar skills and sequencing wizardry. #RFFF25\" class=\"wp-image-289\" srcset=\"https:\/\/calindica.fr\/wp-content\/uploads\/2025\/08\/Capture-decran_2025-08-09_15-13-21.png 610w, https:\/\/calindica.fr\/wp-content\/uploads\/2025\/08\/Capture-decran_2025-08-09_15-13-21-300x142.png 300w\" sizes=\"auto, (max-width: 610px) 100vw, 610px\" \/><\/figure>\n\n\n\n<figure class=\"wp-block-image size-full\"><img loading=\"lazy\" decoding=\"async\" width=\"608\" height=\"241\" src=\"https:\/\/calindica.fr\/wp-content\/uploads\/2025\/08\/Capture-decran_2025-08-09_15-12-35.png\" alt=\"I know FrencH I don't, and what a #RFFF25 session, by @akash@piailler.fr I must leave now, I have just heard new songs to look for.\" class=\"wp-image-290\" srcset=\"https:\/\/calindica.fr\/wp-content\/uploads\/2025\/08\/Capture-decran_2025-08-09_15-12-35.png 608w, https:\/\/calindica.fr\/wp-content\/uploads\/2025\/08\/Capture-decran_2025-08-09_15-12-35-300x119.png 300w\" sizes=\"auto, (max-width: 608px) 100vw, 608px\" \/><\/figure>\n\n\n\n<figure class=\"wp-block-image size-full\"><img loading=\"lazy\" decoding=\"async\" width=\"611\" height=\"269\" src=\"https:\/\/calindica.fr\/wp-content\/uploads\/2025\/08\/Capture-decran_2025-08-09_15-10-23.png\" alt=\"@radiofreefedi An unexpected joy to discover was @akash: just excellent! I don't speak French so I didn't understand the words, but it didn't really diminished my enjoyment of the set. #RFFF25\" class=\"wp-image-291\" srcset=\"https:\/\/calindica.fr\/wp-content\/uploads\/2025\/08\/Capture-decran_2025-08-09_15-10-23.png 611w, https:\/\/calindica.fr\/wp-content\/uploads\/2025\/08\/Capture-decran_2025-08-09_15-10-23-300x132.png 300w\" sizes=\"auto, (max-width: 611px) 100vw, 611px\" \/><\/figure>\n\n\n\n<figure class=\"wp-block-image size-full\"><img loading=\"lazy\" decoding=\"async\" width=\"607\" height=\"482\" src=\"https:\/\/calindica.fr\/wp-content\/uploads\/2025\/08\/Capture-decran_2025-08-09_15-07-47.png\" alt=\"Just treated ourselves to Calin Dica's show before bed. You're an FX master @akash ! We really enjoyend your set and it looked as though you did too. Hopefully catch @alisythesis tomorrow.\" class=\"wp-image-292\" srcset=\"https:\/\/calindica.fr\/wp-content\/uploads\/2025\/08\/Capture-decran_2025-08-09_15-07-47.png 607w, https:\/\/calindica.fr\/wp-content\/uploads\/2025\/08\/Capture-decran_2025-08-09_15-07-47-300x238.png 300w\" sizes=\"auto, (max-width: 607px) 100vw, 607px\" \/><\/figure>\n\n\n\n<figure class=\"wp-block-image size-full\"><img loading=\"lazy\" decoding=\"async\" width=\"610\" height=\"75\" src=\"https:\/\/calindica.fr\/wp-content\/uploads\/2025\/08\/Capture-decran_2025-08-09_15-09-33.png\" alt=\"Calin Dica and his incredible energy, butto-pushing choreography and guitar pyrothechnics\" class=\"wp-image-293\" srcset=\"https:\/\/calindica.fr\/wp-content\/uploads\/2025\/08\/Capture-decran_2025-08-09_15-09-33.png 610w, https:\/\/calindica.fr\/wp-content\/uploads\/2025\/08\/Capture-decran_2025-08-09_15-09-33-300x37.png 300w\" sizes=\"auto, (max-width: 610px) 100vw, 610px\" \/><\/figure>\n\n\n\n<p class=\"has-white-color has-text-color has-background has-link-color wp-elements-a62e83170b6d3002b0618c44b30e9958\" style=\"background-color:#00000080;font-size:1.25rem;font-style:normal;font-weight:500\"><strong>Fiche technique<\/strong><\/p>\n\n\n\n<p class=\"has-foreground-color has-text-color has-link-color wp-elements-73b3f55363d90915a0954e9b174c9741\"><a href=\"https:\/\/calindica.fr\/wp-content\/uploads\/2025\/09\/Fiche-technique-v2.pdf\"><strong>https:\/\/calindica.fr\/wp-content\/uploads\/2025\/09\/Fiche-technique-v2.pdf<\/strong><\/a><\/p>\n\n\n\n<p class=\"has-white-color has-text-color has-background has-link-color wp-elements-aa1dbf01b10e6416b53f0a3e1cefb376\" style=\"background-color:#00000080;font-size:1.25rem;font-style:normal;font-weight:500\"><strong>Dur\u00e9e du spectacle<\/strong> : 45&prime; \u00e0 1:30&prime;<\/p>\n\n\n\n<p class=\"has-white-color has-text-color has-background has-link-color wp-elements-8591027bdfdf063844a549cf0edb24b3\" style=\"background-color:#00000080;font-size:1.25rem;font-style:normal;font-weight:500\"><strong>R\u00e9mun\u00e9ration<\/strong> : \u00e0 convenir (chapeau, GUSO possible)<\/p>\n","protected":false},"excerpt":{"rendered":"<p>\u00c9v\u00e8nements \u00e0 venir 19 juin 2026 : bistrot associatif, Gibel (31) 20 juin 2026 : F\u00eate de la Musique, Nailloux (31) 30 juillet 2026 : Le Pot Commun, Nevers (58) 1er ao\u00fbt 2026 : Comme chez Mamie, Prompsat (63) \u00c9v\u00e8nements en cours Depuis le 28 d\u00e9cembre 2025 : Diffusion des clips de \u00ab\u00a0Pour te plaire\u00a0\u00bb [&hellip;]<\/p>\n","protected":false},"author":1,"featured_media":0,"parent":0,"menu_order":0,"comment_status":"closed","ping_status":"closed","template":"","meta":{"footnotes":""},"class_list":["post-178","page","type-page","status-publish","hentry"],"_links":{"self":[{"href":"https:\/\/calindica.fr\/index.php\/wp-json\/wp\/v2\/pages\/178","targetHints":{"allow":["GET"]}}],"collection":[{"href":"https:\/\/calindica.fr\/index.php\/wp-json\/wp\/v2\/pages"}],"about":[{"href":"https:\/\/calindica.fr\/index.php\/wp-json\/wp\/v2\/types\/page"}],"author":[{"embeddable":true,"href":"https:\/\/calindica.fr\/index.php\/wp-json\/wp\/v2\/users\/1"}],"replies":[{"embeddable":true,"href":"https:\/\/calindica.fr\/index.php\/wp-json\/wp\/v2\/comments?post=178"}],"version-history":[{"count":31,"href":"https:\/\/calindica.fr\/index.php\/wp-json\/wp\/v2\/pages\/178\/revisions"}],"predecessor-version":[{"id":376,"href":"https:\/\/calindica.fr\/index.php\/wp-json\/wp\/v2\/pages\/178\/revisions\/376"}],"wp:attachment":[{"href":"https:\/\/calindica.fr\/index.php\/wp-json\/wp\/v2\/media?parent=178"}],"curies":[{"name":"wp","href":"https:\/\/api.w.org\/{rel}","templated":true}]}}